{"id":101,"date":"2012-05-21T11:10:55","date_gmt":"2012-05-21T09:10:55","guid":{"rendered":"http:\/\/www.hotel-cortina.com\/wordpress\/?page_id=101"},"modified":"2023-03-09T10:08:37","modified_gmt":"2023-03-09T10:08:37","slug":"location-and-access","status":"publish","type":"page","link":"https:\/\/www.clubhotelcortina.com\/hu\/elhelyezkedes\/","title":{"rendered":"Elhelyezked\u00e9s"},"content":{"rendered":"<p><\/p>\n<h2>Helysz\u00edn &#8211; B\u00e9cs legnyugalmasabb r\u00e9sz\u00e9n<\/h2>\n<p>Fedezze fel B\u00e9cset, a zene \u00e9s kult\u00fara v\u00e1ros\u00e1t egy s\u00e9t\u00e1val. Az \u201cOber St.Veit\u201d metr\u00f3\u00e1llom\u00e1s egy 5 perces s\u00e9ta t\u00e1vols\u00e1gra van a sz\u00e1llod\u00e1t\u00f3l. Innen az U4-es metr\u00f3val k\u00f6zvetlen\u00fcl B\u00e9cs k\u00f6zpontj\u00e1ba utazhat. Recepci\u00f3nkon szem\u00e9lyesen is t\u00e1j\u00e9koztatjuk \u00d6nt a l\u00e1tnival\u00f3kr\u00f3l, ki\u00e1ll\u00edt\u00e1sokr\u00f3l, rendezv\u00e9nyekr\u0151l \u00e9s k\u00f6rny\u00e9kbeli \u00e9ttermekr\u0151l.<\/p>\n<h2>Megk\u00f6zel\u00edt\u00e9s<\/h2>\n<h3>\u00c9rkez\u00e9s aut\u00f3val az A1-es aut\u00f3p\u00e1ly\u00e1r\u00f3l:<\/h3>\n<p>Forduljon jobbra a 4. jelz\u0151l\u00e1mp\u00e1n\u00e1l \u00e9s hajtson tov\u00e1bb a Hietzinger Hauptstra\u00dfe ir\u00e1ny\u00e1ba.<\/p>\n<h3>\u00c9rkez\u00e9s aut\u00f3val az A2, A3 vagy A4-es aut\u00f3p\u00e1ly\u00e1r\u00f3l:<\/h3>\n<p>A &#8222;Wiental&#8221; kij\u00e1rat ut\u00e1n k\u00f6vesse a jelz\u00e9seket a Sch\u00f6nbrunni kast\u00e9ly vagy az A1 Linz-i aut\u00f3p\u00e1lya ir\u00e1ny\u00e1ba. A v\u00e1r ut\u00e1n forduljon balra a 9. jelz\u0151l\u00e1mp\u00e1n\u00e1l, \u00e9s hajtson tov\u00e1bb a Hietzinger Hauptstra\u00dfe ir\u00e1ny\u00e1ba.<\/p>\n<p><strong>Parkol\u00e1s:<\/strong><br \/>\nB\u00e9cs v\u00e1ros ter\u00fclet\u00e9n 2022 m\u00e1rciusa \u00f3ta majdnem a v\u00e1ros eg\u00e9sz ter\u00fclet\u00e9t lefed\u0151, d\u00edjk\u00f6teles parkol\u00e1s van. R\u00f6vid parkol\u00e1si z\u00f3n\u00e1k vannak \u00e9rv\u00e9nyben, amelyekre a k\u00f6vetkez\u0151 szab\u00e1lyok vonatkoznak: h\u00e9tf\u0151t\u0151l p\u00e9ntekig, 9-22 \u00f3ra k\u00f6z\u00f6tt (az \u00fcnnepnapok kiv\u00e9tel\u00e9vel), a maxim\u00e1lis megengedett parkol\u00e1si id\u0151 k\u00e9t \u00f3ra. Parkolni csak parkol\u00f3jeggyel szabad, amelyeket benzinkutakn\u00e1l, doh\u00e1nyboltokban (Tabak), post\u00e1kon, a Wiener Linien irod\u00e1iban \u00e9s automat\u00e1in\u00e1l lehet megv\u00e1s\u00e1rolni.<br \/>\nP + R (Park + Ride) H\u00fctteldorf parkol\u00f3h\u00e1z, 5 percnyi kocsi\u00fatra van sz\u00e1llod\u00e1nkt\u00f3l \u00e9s 15-18 percre gyalogosan vagy 1 meg\u00e1ll\u00f3ra metr\u00f3val. A parkol\u00e1s \u00e1ra itt sokkal kedvez\u0151bb, mint az utc\u00e1n.<\/p>\n<p>A lenti linket megnyitva \u00e9rik el a t\u00e9rk\u00e9pet \u00e9s az aktu\u00e1lis \u00e1rakat a parkl\u00f3h\u00e1zr\u00f3l:<br \/>\n<a href=\"https:\/\/www.parken.at\/garage\/245\/p+r-h%C3%BCtteldorf\" target=\"_blank\" rel=\"noopener\">https:\/\/www.parken.at\/garage\/245\/p+r-h\u00fctteldorf<\/a><\/p>\n<h3>\u00c9rkez\u00e9s t\u00f6megk\u00f6zleked\u00e9ssel:<\/h3>\n<p>A U4-es metr\u00f3 vonal\u00e1n sz\u00e1lljon le a &#8222;Ober St. Veit&#8221; \u00e1llom\u00e1son.<\/p>","protected":false},"excerpt":{"rendered":"<p>Helysz\u00edn &#8211; B\u00e9cs legnyugalmasabb r\u00e9sz\u00e9n Fedezze fel B\u00e9cset, a zene \u00e9s kult\u00fara v\u00e1ros\u00e1t egy s\u00e9t\u00e1val. Az \u201cOber St.Veit\u201d metr\u00f3\u00e1llom\u00e1s egy 5 perces s\u00e9ta t\u00e1vols\u00e1gra van a sz\u00e1llod\u00e1t\u00f3l. Innen az U4-es metr\u00f3val k\u00f6zvetlen\u00fcl B\u00e9cs k\u00f6zpontj\u00e1ba utazhat. Recepci\u00f3nkon szem\u00e9lyesen is t\u00e1j\u00e9koztatjuk \u00d6nt a l\u00e1tnival\u00f3kr\u00f3l, ki\u00e1ll\u00edt\u00e1sokr\u00f3l, rendezv\u00e9nyekr\u0151l \u00e9s k\u00f6rny\u00e9kbeli \u00e9ttermekr\u0151l. Megk\u00f6zel\u00edt\u00e9s \u00c9rkez\u00e9s aut\u00f3val az A1-es aut\u00f3p\u00e1ly\u00e1r\u00f3l: Forduljon jobbra [&hellip;]<\/p>\n","protected":false},"author":1,"featured_media":0,"parent":0,"menu_order":0,"comment_status":"open","ping_status":"closed","template":"location.php","meta":{"ngg_post_thumbnail":0,"footnotes":""},"class_list":["post-101","page","type-page","status-publish","hentry"],"acf":[],"aioseo_notices":[],"_links":{"self":[{"href":"https:\/\/www.clubhotelcortina.com\/hu\/wp-json\/wp\/v2\/pages\/101","targetHints":{"allow":["GET"]}}],"collection":[{"href":"https:\/\/www.clubhotelcortina.com\/hu\/wp-json\/wp\/v2\/pages"}],"about":[{"href":"https:\/\/www.clubhotelcortina.com\/hu\/wp-json\/wp\/v2\/types\/page"}],"author":[{"embeddable":true,"href":"https:\/\/www.clubhotelcortina.com\/hu\/wp-json\/wp\/v2\/users\/1"}],"replies":[{"embeddable":true,"href":"https:\/\/www.clubhotelcortina.com\/hu\/wp-json\/wp\/v2\/comments?post=101"}],"version-history":[{"count":19,"href":"https:\/\/www.clubhotelcortina.com\/hu\/wp-json\/wp\/v2\/pages\/101\/revisions"}],"predecessor-version":[{"id":1204,"href":"https:\/\/www.clubhotelcortina.com\/hu\/wp-json\/wp\/v2\/pages\/101\/revisions\/1204"}],"wp:attachment":[{"href":"https:\/\/www.clubhotelcortina.com\/hu\/wp-json\/wp\/v2\/media?parent=101"}],"curies":[{"name":"wp","href":"https:\/\/api.w.org\/{rel}","templated":true}]}}

Elhelyezkedés

<p></p>
<h2>Helyszín &#8211; Bécs legnyugalmasabb részén</h2>
<p>Fedezze fel Bécset, a zene és kultúra városát egy sétával. Az “Ober St.Veit” metróállomás egy 5 perces séta távolságra van a szállodától. Innen az U4-es metróval közvetlenül Bécs központjába utazhat. Recepciónkon személyesen is tájékoztatjuk Önt a látnivalókról, kiállításokról, rendezvényekről és környékbeli éttermekről.</p>
<h2>Megközelítés</h2>
<h3>Érkezés autóval az A1-es autópályáról:</h3>
<p>Forduljon jobbra a 4. jelzőlámpánál és hajtson tovább a Hietzinger Hauptstraße irányába.</p>
<h3>Érkezés autóval az A2, A3 vagy A4-es autópályáról:</h3>
<p>A &#8222;Wiental&#8221; kijárat után kövesse a jelzéseket a Schönbrunni kastély vagy az A1 Linz-i autópálya irányába. A vár után forduljon balra a 9. jelzőlámpánál, és hajtson tovább a Hietzinger Hauptstraße irányába.</p>
<p><strong>Parkolás:</strong><br />
Bécs város területén 2022 márciusa óta majdnem a város egész területét lefedő, díjköteles parkolás van. Rövid parkolási zónák vannak érvényben, amelyekre a következő szabályok vonatkoznak: hétfőtől péntekig, 9-22 óra között (az ünnepnapok kivételével), a maximális megengedett parkolási idő két óra. Parkolni csak parkolójeggyel szabad, amelyeket benzinkutaknál, dohányboltokban (Tabak), postákon, a Wiener Linien irodáiban és automatáinál lehet megvásárolni.<br />
P + R (Park + Ride) Hütteldorf parkolóház, 5 percnyi kocsiútra van szállodánktól és 15-18 percre gyalogosan vagy 1 megállóra metróval. A parkolás ára itt sokkal kedvezőbb, mint az utcán.</p>
<p>A lenti linket megnyitva érik el a térképet és az aktuális árakat a parklóházról:<br />
<a href="https://www.parken.at/garage/245/p+r-h%C3%BCtteldorf" target="_blank" rel="noopener">https://www.parken.at/garage/245/p+r-hütteldorf</a></p>
<h3>Érkezés tömegközlekedéssel:</h3>
<p>A U4-es metró vonalán szálljon le a &#8222;Ober St. Veit&#8221; állomáson.</p>

<p>Helyszín &#8211; Bécs legnyugalmasabb részén Fedezze fel Bécset, a zene és kultúra városát egy sétával. Az “Ober St.Veit” metróállomás egy 5 perces séta távolságra van a szállodától. Innen az U4-es metróval közvetlenül Bécs központjába utazhat. Recepciónkon személyesen is tájékoztatjuk Önt a látnivalókról, kiállításokról, rendezvényekről és környékbeli éttermekről. Megközelítés Érkezés autóval az A1-es autópályáról: Forduljon jobbra [&hellip;]</p>
